{"id":27,"date":"2022-07-03T22:14:03","date_gmt":"2022-07-03T22:14:03","guid":{"rendered":"https:\/\/inlaserv.com.co\/?page_id=27"},"modified":"2025-02-24T20:12:23","modified_gmt":"2025-02-24T20:12:23","slug":"nuestra-empresa","status":"publish","type":"page","link":"https:\/\/www.inlaserv.com\/index.php\/nuestra-empresa\/","title":{"rendered":"Nuestra Empresa"},"content":{"rendered":"\t\t<div data-elementor-type=\"wp-page\" data-elementor-id=\"27\" class=\"elementor elementor-27\">\n\t\t\t\t\t\t<section class=\"elementor-section elementor-top-section elementor-element elementor-element-088ea61 elementor-section-stretched elementor-section-boxed elementor-section-height-default elementor-section-height-default\" data-id=\"088ea61\" data-element_type=\"section\" data-e-type=\"section\" data-settings=\"{&quot;stretch_section&quot;:&quot;section-stretched&quot;,&quot;background_background&quot;:&quot;classic&quot;}\">\n\t\t\t\t\t\t<div class=\"elementor-container elementor-column-gap-default\">\n\t\t\t\t\t<div class=\"elementor-column elementor-col-100 elementor-top-column elementor-element elementor-element-1ebb8f0\" data-id=\"1ebb8f0\" data-element_type=\"column\" data-e-type=\"column\">\n\t\t\t<div class=\"elementor-widget-wrap elementor-element-populated\">\n\t\t\t\t\t\t<div class=\"elementor-element elementor-element-e640843 elementor-widget elementor-widget-text-editor\" data-id=\"e640843\" data-element_type=\"widget\" data-e-type=\"widget\" data-widget_type=\"text-editor.default\">\n\t\t\t\t<div class=\"elementor-widget-container\">\n\t\t\t\t\t\t\t\t\t<h2>SOMOS LIDERES EN SOLUCIONES DE TALENTO HUMANO<\/h2><h4><span style=\"font-weight: normal;\">Conectamos empresas con los mejores profesionales, garantizando calidad, eficiencia y compromiso.<\/span><\/h4>\t\t\t\t\t\t\t\t<\/div>\n\t\t\t\t<\/div>\n\t\t\t\t<section class=\"elementor-section elementor-inner-section elementor-element elementor-element-5c614ed elementor-section-boxed elementor-section-height-default elementor-section-height-default\" data-id=\"5c614ed\" data-element_type=\"section\" data-e-type=\"section\">\n\t\t\t\t\t\t<div class=\"elementor-container elementor-column-gap-default\">\n\t\t\t\t\t<div class=\"elementor-column elementor-col-50 elementor-inner-column elementor-element elementor-element-d595769\" data-id=\"d595769\" data-element_type=\"column\" data-e-type=\"column\">\n\t\t\t<div class=\"elementor-widget-wrap elementor-element-populated\">\n\t\t\t\t\t\t<div class=\"elementor-element elementor-element-cd35720 elementor-widget__width-initial elementor-widget elementor-widget-text-editor\" data-id=\"cd35720\" data-element_type=\"widget\" data-e-type=\"widget\" data-widget_type=\"text-editor.default\">\n\t\t\t\t<div class=\"elementor-widget-container\">\n\t\t\t\t\t\t\t\t\t<p data-start=\"125\" data-end=\"337\">En <strong data-start=\"128\" data-end=\"144\">Inlaserv SAS<\/strong>, entendemos que el talento es el motor de toda empresa. Por eso, nos especializamos en brindarle el personal calificado que necesita, permiti\u00e9ndole enfocarse en el crecimiento de su negocio.<\/p><p data-start=\"339\" data-end=\"612\">Con <strong data-start=\"343\" data-end=\"378\">casi dos d\u00e9cadas de experiencia<\/strong>, nos hemos consolidado como un equipo comprometido, innovador y en constante evoluci\u00f3n. Nuestra filosof\u00eda de trabajo se basa en la <strong data-start=\"510\" data-end=\"529\">mejora continua<\/strong>, adapt\u00e1ndonos a los desaf\u00edos del mercado y las necesidades de nuestros clientes.<\/p><p data-start=\"614\" data-end=\"907\">Nos distinguimos por nuestra capacidad de respuesta \u00e1gil y un enfoque basado en <strong data-start=\"694\" data-end=\"741\">transparencia, compromiso y responsabilidad<\/strong>. M\u00e1s que un proveedor, somos un aliado estrat\u00e9gico en la gesti\u00f3n del talento humano, priorizando el <strong data-start=\"842\" data-end=\"860\">sentido humano<\/strong> en cada proceso de selecci\u00f3n y contrataci\u00f3n.<\/p><p data-start=\"614\" data-end=\"907\">Creemos que una buena gesti\u00f3n de talento\u00a0<strong data-start=\"975\" data-end=\"1009\">impulsa el \u00e9xito de su empresa<\/strong>. Por eso, trabajamos con procesos optimizados y herramientas innovadoras que garantizan la <strong data-start=\"1101\" data-end=\"1156\">r\u00e1pida identificaci\u00f3n y selecci\u00f3n del mejor talento<\/strong>, asegurando as\u00ed un impacto positivo en la productividad y el ambiente laboral de su organizaci\u00f3n<\/p>\t\t\t\t\t\t\t\t<\/div>\n\t\t\t\t<\/div>\n\t\t\t\t\t<\/div>\n\t\t<\/div>\n\t\t\t\t<div class=\"elementor-column elementor-col-50 elementor-inner-column elementor-element elementor-element-5ccce12\" data-id=\"5ccce12\" data-element_type=\"column\" data-e-type=\"column\">\n\t\t\t<div class=\"elementor-widget-wrap elementor-element-populated\">\n\t\t\t\t\t\t<div class=\"elementor-element elementor-element-b425079 elementor-widget elementor-widget-image\" data-id=\"b425079\" data-element_type=\"widget\" data-e-type=\"widget\" data-widget_type=\"image.default\">\n\t\t\t\t<div class=\"elementor-widget-container\">\n\t\t\t\t\t\t\t\t\t\t\t\t\t\t\t<img fetchpriority=\"high\" decoding=\"async\" width=\"776\" height=\"1024\" src=\"https:\/\/www.inlaserv.com\/wp-content\/uploads\/2025\/02\/PXL_20250211_140955035.PORTRAIT-scaled-e1740413424295-776x1024.jpg\" class=\"attachment-large size-large wp-image-1796\" alt=\"\" srcset=\"https:\/\/www.inlaserv.com\/wp-content\/uploads\/2025\/02\/PXL_20250211_140955035.PORTRAIT-scaled-e1740413424295-776x1024.jpg 776w, https:\/\/www.inlaserv.com\/wp-content\/uploads\/2025\/02\/PXL_20250211_140955035.PORTRAIT-scaled-e1740413424295-227x300.jpg 227w, https:\/\/www.inlaserv.com\/wp-content\/uploads\/2025\/02\/PXL_20250211_140955035.PORTRAIT-scaled-e1740413424295-768x1013.jpg 768w, https:\/\/www.inlaserv.com\/wp-content\/uploads\/2025\/02\/PXL_20250211_140955035.PORTRAIT-scaled-e1740413424295-1164x1536.jpg 1164w, https:\/\/www.inlaserv.com\/wp-content\/uploads\/2025\/02\/PXL_20250211_140955035.PORTRAIT-scaled-e1740413424295-45x60.jpg 45w, https:\/\/www.inlaserv.com\/wp-content\/uploads\/2025\/02\/PXL_20250211_140955035.PORTRAIT-scaled-e1740413424295.jpg 1440w\" sizes=\"(max-width: 776px) 100vw, 776px\" \/>\t\t\t\t\t\t\t\t\t\t\t\t\t\t\t<\/div>\n\t\t\t\t<\/div>\n\t\t\t\t\t<\/div>\n\t\t<\/div>\n\t\t\t\t\t<\/div>\n\t\t<\/section>\n\t\t\t\t<div class=\"elementor-element elementor-element-1cf4a6c elementor-widget elementor-widget-text-editor\" data-id=\"1cf4a6c\" data-element_type=\"widget\" data-e-type=\"widget\" data-widget_type=\"text-editor.default\">\n\t\t\t\t<div class=\"elementor-widget-container\">\n\t\t\t\t\t\t\t\t\t<h3 data-start=\"909\" data-end=\"969\"><strong data-start=\"913\" data-end=\"967\">Tecnolog\u00eda e Innovaci\u00f3n para una Gesti\u00f3n Eficiente<\/strong><\/h3><p data-start=\"970\" data-end=\"1287\">Contamos con un <strong data-start=\"1037\" data-end=\"1063\">software especializado<\/strong>, dise\u00f1ado para cubrir las necesidades espec\u00edficas del \u00e1rea de gesti\u00f3n de talento humano. Gracias a esta tecnolog\u00eda y a nuestros procesos \u00e1giles, hemos reducido significativamente los tiempos de contrataci\u00f3n, garantizando:<\/p><p data-start=\"1289\" data-end=\"1526\">\u2705 <strong data-start=\"1291\" data-end=\"1327\">Mayor eficiencia en la selecci\u00f3n<\/strong> y disponibilidad de personal.<br data-start=\"1357\" data-end=\"1360\" \/>\u2705 <strong data-start=\"1362\" data-end=\"1395\">Gesti\u00f3n documental optimizada<\/strong>, asegurando cumplimiento normativo.<br data-start=\"1431\" data-end=\"1434\" \/>\u2705 <strong data-start=\"1436\" data-end=\"1473\">R\u00e1pida asignaci\u00f3n de trabajadores<\/strong> en el momento y lugar que su empresa los requiera.<\/p><p data-start=\"1528\" data-end=\"1698\">En <strong data-start=\"1531\" data-end=\"1547\">Inlaserv SAS<\/strong>, no solo conectamos talento con oportunidades, sino que transformamos los procesos de gesti\u00f3n de talento humano en una experiencia estrat\u00e9gica, eficiente y humana.<\/p>\t\t\t\t\t\t\t\t<\/div>\n\t\t\t\t<\/div>\n\t\t\t\t\t<\/div>\n\t\t<\/div>\n\t\t\t\t\t<\/div>\n\t\t<\/section>\n\t\t\t\t<section class=\"elementor-section elementor-top-section elementor-element elementor-element-14f6b47 elementor-section-stretched elementor-section-boxed elementor-section-height-default elementor-section-height-default\" data-id=\"14f6b47\" data-element_type=\"section\" data-e-type=\"section\" data-settings=\"{&quot;background_background&quot;:&quot;classic&quot;,&quot;stretch_section&quot;:&quot;section-stretched&quot;}\">\n\t\t\t\t\t\t<div class=\"elementor-container elementor-column-gap-extended\">\n\t\t\t\t\t<div class=\"elementor-column elementor-col-50 elementor-top-column elementor-element elementor-element-47bbf2f\" data-id=\"47bbf2f\" data-element_type=\"column\" data-e-type=\"column\">\n\t\t\t<div class=\"elementor-widget-wrap elementor-element-populated\">\n\t\t\t\t\t\t<div class=\"elementor-element elementor-element-5a13ea3 elementor-widget elementor-widget-heading\" data-id=\"5a13ea3\" data-element_type=\"widget\" data-e-type=\"widget\" data-widget_type=\"heading.default\">\n\t\t\t\t<div class=\"elementor-widget-container\">\n\t\t\t\t\t<h2 class=\"elementor-heading-title elementor-size-default\">Nuestra Misi\u00f3n<\/h2>\t\t\t\t<\/div>\n\t\t\t\t<\/div>\n\t\t\t\t<div class=\"elementor-element elementor-element-b93a0b9 e-transform e-transform elementor-invisible elementor-widget elementor-widget-text-editor\" data-id=\"b93a0b9\" data-element_type=\"widget\" data-e-type=\"widget\" data-settings=\"{&quot;_animation&quot;:&quot;fadeIn&quot;,&quot;_transform_scaleX_effect&quot;:{&quot;unit&quot;:&quot;px&quot;,&quot;size&quot;:&quot;&quot;,&quot;sizes&quot;:[]},&quot;_transform_scaleX_effect_tablet&quot;:{&quot;unit&quot;:&quot;px&quot;,&quot;size&quot;:&quot;&quot;,&quot;sizes&quot;:[]},&quot;_transform_scaleX_effect_mobile&quot;:{&quot;unit&quot;:&quot;px&quot;,&quot;size&quot;:&quot;&quot;,&quot;sizes&quot;:[]},&quot;_transform_scaleY_effect&quot;:{&quot;unit&quot;:&quot;px&quot;,&quot;size&quot;:&quot;&quot;,&quot;sizes&quot;:[]},&quot;_transform_scaleY_effect_tablet&quot;:{&quot;unit&quot;:&quot;px&quot;,&quot;size&quot;:&quot;&quot;,&quot;sizes&quot;:[]},&quot;_transform_scaleY_effect_mobile&quot;:{&quot;unit&quot;:&quot;px&quot;,&quot;size&quot;:&quot;&quot;,&quot;sizes&quot;:[]},&quot;_transform_skewX_effect&quot;:{&quot;unit&quot;:&quot;px&quot;,&quot;size&quot;:&quot;&quot;,&quot;sizes&quot;:[]},&quot;_transform_skewX_effect_tablet&quot;:{&quot;unit&quot;:&quot;deg&quot;,&quot;size&quot;:&quot;&quot;,&quot;sizes&quot;:[]},&quot;_transform_skewX_effect_mobile&quot;:{&quot;unit&quot;:&quot;deg&quot;,&quot;size&quot;:&quot;&quot;,&quot;sizes&quot;:[]},&quot;_transform_skewY_effect&quot;:{&quot;unit&quot;:&quot;px&quot;,&quot;size&quot;:&quot;&quot;,&quot;sizes&quot;:[]},&quot;_transform_skewY_effect_tablet&quot;:{&quot;unit&quot;:&quot;deg&quot;,&quot;size&quot;:&quot;&quot;,&quot;sizes&quot;:[]},&quot;_transform_skewY_effect_mobile&quot;:{&quot;unit&quot;:&quot;deg&quot;,&quot;size&quot;:&quot;&quot;,&quot;sizes&quot;:[]}}\" data-widget_type=\"text-editor.default\">\n\t\t\t\t<div class=\"elementor-widget-container\">\n\t\t\t\t\t\t\t\t\t<h6><span style=\"font-weight: normal;\">Nos especializamos en brindar un <\/span>servicio integral<span style=\"font-weight: normal;\"> en la administraci\u00f3n del talento humano, gestionando con <\/span>eficiencia <span style=\"font-weight: normal;\">las necesidades de nuestros clientes, <\/span>generando valor a sus procesos.<\/h6>\t\t\t\t\t\t\t\t<\/div>\n\t\t\t\t<\/div>\n\t\t\t\t\t<\/div>\n\t\t<\/div>\n\t\t\t\t<div class=\"elementor-column elementor-col-50 elementor-top-column elementor-element elementor-element-e183133\" data-id=\"e183133\" data-element_type=\"column\" data-e-type=\"column\">\n\t\t\t<div class=\"elementor-widget-wrap elementor-element-populated\">\n\t\t\t\t\t\t<div class=\"elementor-element elementor-element-9a6a55a elementor-widget elementor-widget-heading\" data-id=\"9a6a55a\" data-element_type=\"widget\" data-e-type=\"widget\" data-widget_type=\"heading.default\">\n\t\t\t\t<div class=\"elementor-widget-container\">\n\t\t\t\t\t<h2 class=\"elementor-heading-title elementor-size-default\">Visi\u00f3n de empresa<\/h2>\t\t\t\t<\/div>\n\t\t\t\t<\/div>\n\t\t\t\t<div class=\"elementor-element elementor-element-708b349 e-transform e-transform elementor-invisible elementor-widget elementor-widget-text-editor\" data-id=\"708b349\" data-element_type=\"widget\" data-e-type=\"widget\" data-settings=\"{&quot;_animation&quot;:&quot;fadeIn&quot;,&quot;_transform_scaleX_effect&quot;:{&quot;unit&quot;:&quot;px&quot;,&quot;size&quot;:&quot;&quot;,&quot;sizes&quot;:[]},&quot;_transform_scaleX_effect_tablet&quot;:{&quot;unit&quot;:&quot;px&quot;,&quot;size&quot;:&quot;&quot;,&quot;sizes&quot;:[]},&quot;_transform_scaleX_effect_mobile&quot;:{&quot;unit&quot;:&quot;px&quot;,&quot;size&quot;:&quot;&quot;,&quot;sizes&quot;:[]},&quot;_transform_scaleY_effect&quot;:{&quot;unit&quot;:&quot;px&quot;,&quot;size&quot;:&quot;&quot;,&quot;sizes&quot;:[]},&quot;_transform_scaleY_effect_tablet&quot;:{&quot;unit&quot;:&quot;px&quot;,&quot;size&quot;:&quot;&quot;,&quot;sizes&quot;:[]},&quot;_transform_scaleY_effect_mobile&quot;:{&quot;unit&quot;:&quot;px&quot;,&quot;size&quot;:&quot;&quot;,&quot;sizes&quot;:[]},&quot;_transform_skewX_effect&quot;:{&quot;unit&quot;:&quot;px&quot;,&quot;size&quot;:&quot;&quot;,&quot;sizes&quot;:[]},&quot;_transform_skewX_effect_tablet&quot;:{&quot;unit&quot;:&quot;deg&quot;,&quot;size&quot;:&quot;&quot;,&quot;sizes&quot;:[]},&quot;_transform_skewX_effect_mobile&quot;:{&quot;unit&quot;:&quot;deg&quot;,&quot;size&quot;:&quot;&quot;,&quot;sizes&quot;:[]},&quot;_transform_skewY_effect&quot;:{&quot;unit&quot;:&quot;px&quot;,&quot;size&quot;:&quot;&quot;,&quot;sizes&quot;:[]},&quot;_transform_skewY_effect_tablet&quot;:{&quot;unit&quot;:&quot;deg&quot;,&quot;size&quot;:&quot;&quot;,&quot;sizes&quot;:[]},&quot;_transform_skewY_effect_mobile&quot;:{&quot;unit&quot;:&quot;deg&quot;,&quot;size&quot;:&quot;&quot;,&quot;sizes&quot;:[]}}\" data-widget_type=\"text-editor.default\">\n\t\t\t\t<div class=\"elementor-widget-container\">\n\t\t\t\t\t\t\t\t\t<h6><span style=\"font-weight: normal;\">Ampliar para el 2027 nuestra participaci\u00f3n a nivel nacional, desarrollando un portafolio de servicios ajustado a las necesidades de todos los sectores econ\u00f3micos, garantizando un proceso <\/span>eficiente<span style=\"font-weight: normal;\">, <\/span>transparente <span style=\"font-weight: normal;\">y con <\/span>sentido humano.<\/h6>\t\t\t\t\t\t\t\t<\/div>\n\t\t\t\t<\/div>\n\t\t\t\t\t<\/div>\n\t\t<\/div>\n\t\t\t\t\t<\/div>\n\t\t<\/section>\n\t\t\t\t<section class=\"elementor-section elementor-top-section elementor-element elementor-element-9334f42 elementor-section-stretched elementor-section-boxed elementor-section-height-default elementor-section-height-default\" data-id=\"9334f42\" data-element_type=\"section\" data-e-type=\"section\" data-settings=\"{&quot;stretch_section&quot;:&quot;section-stretched&quot;}\">\n\t\t\t\t\t\t<div class=\"elementor-container elementor-column-gap-default\">\n\t\t\t\t\t<div class=\"elementor-column elementor-col-100 elementor-top-column elementor-element elementor-element-8f3a3cc\" data-id=\"8f3a3cc\" data-element_type=\"column\" data-e-type=\"column\">\n\t\t\t<div class=\"elementor-widget-wrap elementor-element-populated\">\n\t\t\t\t\t\t<div class=\"elementor-element elementor-element-c054041 elementor-widget elementor-widget-text-editor\" data-id=\"c054041\" data-element_type=\"widget\" data-e-type=\"widget\" data-widget_type=\"text-editor.default\">\n\t\t\t\t<div class=\"elementor-widget-container\">\n\t\t\t\t\t\t\t\t\t<h2><span style=\"font-weight: normal;\">Detr\u00e1s de cada \u00e9xito hay un gran equipo.<\/span><\/h2><div><h4><span style=\"font-size: 1.1112em; font-weight: normal;\">Conoce a los l\u00edderes que hacen posible nuestra misi\u00f3n.<\/span><\/h4><\/div>\t\t\t\t\t\t\t\t<\/div>\n\t\t\t\t<\/div>\n\t\t\t\t<div class=\"elementor-element elementor-element-084f3f2 elementor-arrows-position-inside elementor-pagination-position-outside elementor-widget elementor-widget-image-carousel\" data-id=\"084f3f2\" data-element_type=\"widget\" data-e-type=\"widget\" data-settings=\"{&quot;navigation&quot;:&quot;both&quot;,&quot;autoplay&quot;:&quot;yes&quot;,&quot;autoplay_speed&quot;:5000,&quot;infinite&quot;:&quot;yes&quot;,&quot;speed&quot;:500}\" data-widget_type=\"image-carousel.default\">\n\t\t\t\t<div class=\"elementor-widget-container\">\n\t\t\t\t\t\t\t<div class=\"elementor-image-carousel-wrapper swiper\" role=\"region\" aria-roledescription=\"carousel\" aria-label=\"Carrusel de im\u00e1genes\" dir=\"ltr\">\n\t\t\t<div class=\"elementor-image-carousel swiper-wrapper\" aria-live=\"off\">\n\t\t\t\t\t\t\t\t<div class=\"swiper-slide\" role=\"group\" aria-roledescription=\"slide\" aria-label=\"1 de 5\"><figure class=\"swiper-slide-inner\"><img decoding=\"async\" class=\"swiper-slide-image\" src=\"https:\/\/www.inlaserv.com\/wp-content\/uploads\/2025\/02\/IMG_4767-scaled-e1740415238552-246x300.jpg\" alt=\"IMG_4767\" \/><figcaption class=\"elementor-image-carousel-caption\">Laura Jerez - Gerente<\/figcaption><\/figure><\/div><div class=\"swiper-slide\" role=\"group\" aria-roledescription=\"slide\" aria-label=\"2 de 5\"><figure class=\"swiper-slide-inner\"><img decoding=\"async\" class=\"swiper-slide-image\" src=\"https:\/\/www.inlaserv.com\/wp-content\/uploads\/2025\/02\/PXL_20250211_141048887.PORTRAIT-scaled-e1740415365858-272x300.jpg\" alt=\"PXL_20250211_141048887.PORTRAIT\" \/><figcaption class=\"elementor-image-carousel-caption\">Alexis Rueda - Coordinador de Servicios<\/figcaption><\/figure><\/div><div class=\"swiper-slide\" role=\"group\" aria-roledescription=\"slide\" aria-label=\"3 de 5\"><figure class=\"swiper-slide-inner\"><img decoding=\"async\" class=\"swiper-slide-image\" src=\"https:\/\/www.inlaserv.com\/wp-content\/uploads\/2025\/02\/PXL_20250211_134537170.PORTRAIT-scaled-e1740415400616-235x300.jpg\" alt=\"PXL_20250211_134537170.PORTRAIT\" \/><figcaption class=\"elementor-image-carousel-caption\">Justine Mercado - Coordinadora Administrativa y Financiera<\/figcaption><\/figure><\/div><div class=\"swiper-slide\" role=\"group\" aria-roledescription=\"slide\" aria-label=\"4 de 5\"><figure class=\"swiper-slide-inner\"><img decoding=\"async\" class=\"swiper-slide-image\" src=\"https:\/\/www.inlaserv.com\/wp-content\/uploads\/2025\/02\/PXL_20250211_213855672.PORTRAIT-scaled-e1740412761923-260x300.jpg\" alt=\"PXL_20250211_213855672.PORTRAIT\" \/><figcaption class=\"elementor-image-carousel-caption\">Jorge Vergara - Profesional de SST<\/figcaption><\/figure><\/div><div class=\"swiper-slide\" role=\"group\" aria-roledescription=\"slide\" aria-label=\"5 de 5\"><figure class=\"swiper-slide-inner\"><img decoding=\"async\" class=\"swiper-slide-image\" src=\"https:\/\/www.inlaserv.com\/wp-content\/uploads\/2025\/02\/PXL_20250211_134828436.PORTRAIT-scaled-e1740415302602-239x300.jpg\" alt=\"PXL_20250211_134828436.PORTRAIT\" \/><figcaption class=\"elementor-image-carousel-caption\">Valentina Bravo - Generalista de GGHH<\/figcaption><\/figure><\/div>\t\t\t<\/div>\n\t\t\t\t\t\t\t\t\t\t\t\t<div class=\"elementor-swiper-button elementor-swiper-button-prev\" role=\"button\" tabindex=\"0\">\n\t\t\t\t\t\t<i aria-hidden=\"true\" class=\"eicon-chevron-left\"><\/i>\t\t\t\t\t<\/div>\n\t\t\t\t\t<div class=\"elementor-swiper-button elementor-swiper-button-next\" role=\"button\" tabindex=\"0\">\n\t\t\t\t\t\t<i aria-hidden=\"true\" class=\"eicon-chevron-right\"><\/i>\t\t\t\t\t<\/div>\n\t\t\t\t\n\t\t\t\t\t\t\t\t\t<div class=\"swiper-pagination\"><\/div>\n\t\t\t\t\t\t\t\t\t<\/div>\n\t\t\t\t\t\t<\/div>\n\t\t\t\t<\/div>\n\t\t\t\t\t<\/div>\n\t\t<\/div>\n\t\t\t\t\t<\/div>\n\t\t<\/section>\n\t\t\t\t<section class=\"elementor-section elementor-top-section elementor-element elementor-element-3ccfa82 elementor-section-boxed elementor-section-height-default elementor-section-height-default\" data-id=\"3ccfa82\" data-element_type=\"section\" data-e-type=\"section\">\n\t\t\t\t\t\t<div class=\"elementor-container elementor-column-gap-default\">\n\t\t\t\t\t<div class=\"elementor-column elementor-col-100 elementor-top-column elementor-element elementor-element-73a6818\" data-id=\"73a6818\" data-element_type=\"column\" data-e-type=\"column\">\n\t\t\t<div class=\"elementor-widget-wrap elementor-element-populated\">\n\t\t\t\t\t\t<div class=\"elementor-element elementor-element-072e7b2 elementor-widget elementor-widget-heading\" data-id=\"072e7b2\" data-element_type=\"widget\" data-e-type=\"widget\" data-widget_type=\"heading.default\">\n\t\t\t\t<div class=\"elementor-widget-container\">\n\t\t\t\t\t<h3 class=\"elementor-heading-title elementor-size-default\">Hacemos parte de:<\/h3>\t\t\t\t<\/div>\n\t\t\t\t<\/div>\n\t\t\t\t<div class=\"elementor-element elementor-element-8eef3cc elementor-arrows-position-inside elementor-widget elementor-widget-image-carousel\" data-id=\"8eef3cc\" data-element_type=\"widget\" data-e-type=\"widget\" data-settings=\"{&quot;navigation&quot;:&quot;arrows&quot;,&quot;image_spacing_custom&quot;:{&quot;unit&quot;:&quot;px&quot;,&quot;size&quot;:25,&quot;sizes&quot;:[]},&quot;autoplay&quot;:&quot;yes&quot;,&quot;autoplay_speed&quot;:5000,&quot;infinite&quot;:&quot;yes&quot;,&quot;speed&quot;:500,&quot;image_spacing_custom_tablet&quot;:{&quot;unit&quot;:&quot;px&quot;,&quot;size&quot;:&quot;&quot;,&quot;sizes&quot;:[]},&quot;image_spacing_custom_mobile&quot;:{&quot;unit&quot;:&quot;px&quot;,&quot;size&quot;:&quot;&quot;,&quot;sizes&quot;:[]}}\" data-widget_type=\"image-carousel.default\">\n\t\t\t\t<div class=\"elementor-widget-container\">\n\t\t\t\t\t\t\t<div class=\"elementor-image-carousel-wrapper swiper\" role=\"region\" aria-roledescription=\"carousel\" aria-label=\"Carrusel de im\u00e1genes\" dir=\"rtl\">\n\t\t\t<div class=\"elementor-image-carousel swiper-wrapper\" aria-live=\"off\">\n\t\t\t\t\t\t\t\t<div class=\"swiper-slide\" role=\"group\" aria-roledescription=\"slide\" aria-label=\"1 de 4\"><figure class=\"swiper-slide-inner\"><img decoding=\"async\" class=\"swiper-slide-image\" src=\"https:\/\/www.inlaserv.com\/wp-content\/uploads\/2025\/02\/Logo-ACRIP-Bolivar-Principal.png\" alt=\"Logo ACRIP Bol\u00edvar Principal\" \/><\/figure><\/div><div class=\"swiper-slide\" role=\"group\" aria-roledescription=\"slide\" aria-label=\"2 de 4\"><figure class=\"swiper-slide-inner\"><img decoding=\"async\" class=\"swiper-slide-image\" src=\"https:\/\/www.inlaserv.com\/wp-content\/uploads\/2025\/02\/logo_acoset1.png\" alt=\"\" \/><\/figure><\/div><div class=\"swiper-slide\" role=\"group\" aria-roledescription=\"slide\" aria-label=\"3 de 4\"><figure class=\"swiper-slide-inner\"><img decoding=\"async\" class=\"swiper-slide-image\" src=\"https:\/\/www.inlaserv.com\/wp-content\/uploads\/2025\/02\/Camara-preferencial-Photoroom.png\" alt=\"Camara preferencial-Photoroom\" \/><\/figure><\/div><div class=\"swiper-slide\" role=\"group\" aria-roledescription=\"slide\" aria-label=\"4 de 4\"><figure class=\"swiper-slide-inner\"><img decoding=\"async\" class=\"swiper-slide-image\" src=\"https:\/\/www.inlaserv.com\/wp-content\/uploads\/2025\/02\/fenalco-logo-nuevo-bolivar-h100.png\" alt=\"fenalco-logo-nuevo-bolivar-h100\" \/><\/figure><\/div>\t\t\t<\/div>\n\t\t\t\t\t\t\t\t\t\t\t\t<div class=\"elementor-swiper-button elementor-swiper-button-prev\" role=\"button\" tabindex=\"0\">\n\t\t\t\t\t\t<i aria-hidden=\"true\" class=\"eicon-chevron-left\"><\/i>\t\t\t\t\t<\/div>\n\t\t\t\t\t<div class=\"elementor-swiper-button elementor-swiper-button-next\" role=\"button\" tabindex=\"0\">\n\t\t\t\t\t\t<i aria-hidden=\"true\" class=\"eicon-chevron-right\"><\/i>\t\t\t\t\t<\/div>\n\t\t\t\t\n\t\t\t\t\t\t\t\t\t<\/div>\n\t\t\t\t\t\t<\/div>\n\t\t\t\t<\/div>\n\t\t\t\t\t<\/div>\n\t\t<\/div>\n\t\t\t\t\t<\/div>\n\t\t<\/section>\n\t\t\t\t<\/div>\n\t\t","protected":false},"excerpt":{"rendered":"<p>SOMOS LIDERES EN SOLUCIONES DE TALENTO HUMANO Conectamos empresas con &hellip; <\/p>\n","protected":false},"author":1,"featured_media":0,"parent":0,"menu_order":0,"comment_status":"closed","ping_status":"closed","template":"","meta":{"_monsterinsights_skip_tracking":false,"_monsterinsights_sitenote_active":false,"_monsterinsights_sitenote_note":"","_monsterinsights_sitenote_category":0,"ngg_post_thumbnail":0,"footnotes":""},"class_list":["post-27","page","type-page","status-publish","hentry"],"aioseo_notices":[],"_links":{"self":[{"href":"https:\/\/www.inlaserv.com\/index.php\/wp-json\/wp\/v2\/pages\/27","targetHints":{"allow":["GET"]}}],"collection":[{"href":"https:\/\/www.inlaserv.com\/index.php\/wp-json\/wp\/v2\/pages"}],"about":[{"href":"https:\/\/www.inlaserv.com\/index.php\/wp-json\/wp\/v2\/types\/page"}],"author":[{"embeddable":true,"href":"https:\/\/www.inlaserv.com\/index.php\/wp-json\/wp\/v2\/users\/1"}],"replies":[{"embeddable":true,"href":"https:\/\/www.inlaserv.com\/index.php\/wp-json\/wp\/v2\/comments?post=27"}],"version-history":[{"count":197,"href":"https:\/\/www.inlaserv.com\/index.php\/wp-json\/wp\/v2\/pages\/27\/revisions"}],"predecessor-version":[{"id":1807,"href":"https:\/\/www.inlaserv.com\/index.php\/wp-json\/wp\/v2\/pages\/27\/revisions\/1807"}],"wp:attachment":[{"href":"https:\/\/www.inlaserv.com\/index.php\/wp-json\/wp\/v2\/media?parent=27"}],"curies":[{"name":"wp","href":"https:\/\/api.w.org\/{rel}","templated":true}]}}